+ 2 - -28).
14
Calculate (-22 - (-2 - (-1 + 1))) + (-704 - -715).
-9
Calculate 12 - (2 + (-4 - -9 - 10)).
15
Calculate -25 + -11 + 47 - -7.
18
What is the value of -41 + 46 + -14 - -35?
26
What is -7 - (-7 - -12 - -11)?
-23
-13 + -4 + (-6 - -15)
-8
What is 1 - (9 + -15) - (1 - (-2 + 4))?
8
What is the value of (-35 - 0) + 146 + -131?
-20
What is the value of 25 + -63 + 31 + -17?
-24
What is the value of 15 - (11 - 2 - (69 - 74))?
1
Evaluate 0 + (-4 - -12 - (1 + -1)).
8
Evaluate -7 - (-22 - -2 - -8) - (0 - 3).
8
Calculate 18 + (-108 + 108 - (0 + 12)).
6
What is 17 + (-1 - 15) + 12?
13
What is -31 + 17 + -19 - -24?
-9
What is (-5 - -7 - -4 - 3) + 7?
10
9 + -26 + (2 - -11)
-4
What is -178 + 221 + (-1 - 16)?
26
What is the value of ((3 - 0) + 3 - (34 + -1)) + 6?
-21
16 + -4 - (-37 + 25) - (1 + 2)
21
What is -1 - (-30 - -33 - (9 + -1 + 3))?
7
Evaluate 1 - (3 + (-6 + 5 - 0 - 6)).
5
11 - (38 - 23) - -23
19
Evaluate (7 - -1 - (61 - 54)) + 6.
7
What is the value of 28 - 27 - (-4 - 1) - (23 - 1)?
-16
6 - (4 - 6) - 8 - (-33 + 26)
7
Calculate 6 + 2 + (6 - (8 - 6)).
12
Calculate -3 + 6 + 4 + -2 - (-83 - -82).
6
What is (2 - 13 - -12 - 19) + 11?
-7
What is 3 + 8 + (-2 - 20)?
-11
Calculate 6 + 6 + -15 + 2 + 4.
3
(32 - 30) + -7 + 0 - (4 + -10)
1
Calculate 17 + (-3 - -2) + 11 + -14.
13
(-2 - 10) + 11 + 0
-1
What is the value of -1 - -19 - (4 + 3) - (19 - 27)?
19
What is -37 + 27 + 7 + -1 + -8?
-12
What is the value of 11 - (-15 - -38) - (-1 - 4) - -8?
1
Evaluate -33 + 15 + 11 + -6.
-13
What is 0 - (71 + -66 + 1 + -7 + 8)?
-7
(-28 - -48 - 26) + (9 + -2 - 0)
1
Calculate -19 - (23 - (20 - 16 - -9)).
-29
What is 19 + -16 - (3 + 13)?
-13
What is -12 + (-6 - 17 - -17)?
-18
Calculate (2 - (-1 - -3)) + (2 + -4 - 3).
-5
Calculate -105 + 83 - (-1 + -37).
16
-2 + -9 + (9 + -8 - 3)
-13
Evaluate -13 + (8 + -17 - -15) - -20.
13
Evaluate (-7 - (-14 - -5) - -20) + -13.
9
Evaluate (5 - (-7 - -2)) + -34 + 8.
-16
What is the value of 18 - (17 - (3 - 5))?
-1
What is 5 + 8 + (-29 - -22)?
6
Calculate -2964 + 2989 - ((0 - -1) + 4).
20
What is the value of -2 - 7 - (32 + -54 - (5 + -19))?
-1
Calculate 81 + -83 + -1 + -1.
-4
9 - ((-9 - -3) + 2 + 0)
13
-4 + 24 - (8 + (17 - 22))
17
What is the value of (-5 + 3 + 11 - 20) + 0 - 6?
-17
Evaluate -6 + (23 - 28) + (-5 - -2) + 5.
-9
Calculate (-30 - -29) + -7 + 0 + 8.
0
Evaluate -25 + (11 - 16) + 16 + -3.
-17
Evaluate -6 + -6 + 1 - (8 + -1).
-18
(-91 - -87) + (0 - (-1 + -2))
-1
What is -13 - (1 - (17 - 5) - -7)?
-9
What is (3 - (0 + 4)) + (3 - -8)?
10
0 + -1 - 8 - (123 + -70 + -78)
16
What is the value of -1 - (5 - (11 - 5)) - (-19 - -4)?
15
What is the value of 39 + -49 - (3 - (6 + 41))?
34
(22 - (1 - 1)) + (34 - 7) + -35
14
What is the value of -12 + (-4 - (-12 - 34))?
30
Evaluate 1 - 4 - (14 + (21 - 37)).
-1
Calculate 0 + -5 - (-16 - -11) - -6 - 5.
1
What is the value of (16 - (13 + 5)) + -11?
-13
Calculate 0 + 0 + (-15 - -13) + -20.
-22
Evaluate -20 + 14 + (5 - (-3 - -2)).
0
What is -4 + 16 + -1 - 4?
7
(-4 - (-1 + -8)) + -19 + 11
-3
What is the value of (9 - (1 + -9)) + -15?
2
Evaluate -253 + 239 + 22 + 0 - -24.
32
What is 0 + (-1 - 0) + -29 + 24 - 9?
-15
Calculate -9 - (24 + -29 - (-2 - (2 - -1))).
-9
What is 46 + -35 - (-3 + 7 - -4)?
3
Evaluate -1 + -9 + 9 + 0 + -3 + 10.
6
0 - 7 - (-22 - -4 - -7)
4
What is -9 + -21 + 23 + 0?
-7
(9 - -1 - (-20 + 30)) + (-1 - -4)
3
What is the value of 5 + (-2 + (9 - 1) - (-1 + 0))?
12
What is 9 + (-5 - 4) + 4?
4
Evaluate -4 + (2 - (1 - 10)) + -7.
0
Calculate 6 + -5 + -5 - (1 + 2 + 5).
-12
-5 + ((-1 - 6) + 1 - -20) - -4
13
(-19 + 8 - -3) + 7 + -6
-7
Calculate 13 + (4 - 7) + 9 + (-7 - 5).
7
What is the value of -28 - -18 - (-11 + 12 - 0)?
-11
(5 - -1) + -17 + (10 - -1) + 9
9
What is (-14 - -8) + -1 + -17 + (13 - 18)?
-29
0 + 5 + 905 + -921
-11
Calculate 9 + -2 + 9 + -10 - 17.
-11
What is the value of (26 + (-8 - -6) - (24 + -23)) + 0?
23
Calculate 35 - (18 + -18 + 40).
-5
(1 + (3 - 7) - -5) + -6
-4
What is (129 - 154) + 6 + -1?
-20
What is 5 + (11 - 22) + 12?
6
Calculate -13 - (-5 - 3) - (15 - (-4 + 6)).
-18
What is (-1 - -1) + (-10 - ((1 - 8) + -1))?
-2
-8 + -4 + -2 + 6 + 3
-5
What is the value of -45 + 13 - -29 - 15?
-18
Evaluate (35 - 35) + 12 + 2.
14
Calculate -4 + (4 - 2) - (9 - (-6 + 5)).
-12
Evaluate -10 + 1 + (-17 - (-20 - 8)).
2
What is the value of (0 - 9) + 337 + -342?
-14
1 + (3 - (-17 - -15 - (-6 + -1)))
-1
Evaluate (5 - 4) + 1 + -3 + (11 - 10).
0
What is the value of -3 - -1 - -9 - 11?
-4
What is -43 + (-222 - -233) + (-3 - -2)?
-33
11 + (6 - (9 - (14 - 2 - 4)))
16
What is 20 - 15 - (3 - -9 - -1) - 4?
-12
5 + (-27 - -6) - -13
-3
Evaluate 65 - 24 - 36 - (-2 - (0 + 8)).
15
What is the value of (124 - 117) + (-6 + 3 + -3 - -1)?
2
-4 + -1 + 15 + -10
0
What is (0 - (1 + -8 - 0)) + 8?
15
Calculate -11 - -2 - (-100 + 78).
13
What is -7 + 1 + -15 + (-20 - -41) + 4?
4
What is the value of -5 + -2 + 1 + 17 + (-21 - -4)?
-6
What is the value of (-39 - -99) + -33 + -4?
23
What is the value of (3 + (0 - 0) - (161 + -153)) + -16?
-21
What is 691 + -677 + 0 + 10?
24
29 + -10 + -8 - (-3 - -13) - 40
-39
Calculate -8 + (19 - -1) - 7.
5
Evaluate (6 - -10) + -6 - 22.
-12
What is -22 + 41 - (21 + (0 - 11))?
9
-13 + 9 + 3 + -3 + -48 + 23
-29
Evaluate -4 - (3 + 6) - (-45 - -47).
-15
What is the value of -42 + (-15 - -19) + 19?
-19
5 - (-3 - -14) - (-2 + 1 + 8)
-13
What is -1654 + 1630 + (-1 - -11)?
-14
-1 - 7 - 7 - -30 - 24
-9
What is 2 + -3 - -5 - (9 - (-3 + 9))?
1
Evaluate 3 + -1 + -13 + 4 + 1 + -4.
-10
Evaluate 11 + -3 + 6 + -1 + -10 + 9.
12
-238 - -215 - (-1 + -30)
8
What is the value of (5 - -3) + (53 - 28) + -15?
18
Evaluate (14 - 21) + (7 + -11 - (-1 + -2)).
-8
Calculate -4 + -45 + 42 - (25 + 0).
-32
Calculate -702 + 693 + 2 + -17 + 0.
-24
-3 + -5 - ((-7 - 7) + 8)
-2
What is (61 - 1) + -24 + -28?
8
Calculate (-3 - 2) + 3 - (-161 - -172).
-13
What is -11 - (-31 - -14) - -6 - -23?
35
Calculate 4 + -20 + (23 - -4).
11
Calculate 1 - (3 + -1 + -4 - (5 + 3)).
11
Calculate 7 - ((5 - (9 + -7)) + -8).
12
(8 + -9 + 6 - -3) + -9 + 3
2
What is -5 + 2 + -4 + -72 + 63?
-16
What is the value of (-8 - (28 - 14)) + 15?
-7
Calculate (-8 - -24) + -15 - (2 - -1 - -5).
-7
What is the value of 9 + (-2 - -10) - 9?
8
Evaluate 10 + 2 + (-4 + 2 + -5 - -5).
10
Evaluate (-4 - (-12 + 8) - 1) + (5 - 1).
3
What is 0 + 2 - (913 + -907)?
-4
What is the value of (10 - 0) + (29 - (66 + -25))?
-2
Calculate 1 - -3 - 1 - (57 + -47).
-7
Evaluate (4 + -25 + 10 - -21) + 4.
14
10 - -1 - 1 - (166 - 168)
12
What is -5 + (-4 - (12 - 6 - (8 - -2)))?
-5
What is the value of 33 - (-9 + 43) - -2?
1
Calculate 1 + -9 - 0 - (49 + -28 + -34).
5
What is the value of 4 - 2 - (5 + -2 + 4 - -7)?
-12
What is 2 - (0 + (-5 - -10) - 12)?
9
(3 - 5) + 4 - 5 - (106 + -102)
-7
Calculate -10 + (-6 - (-13 - -13) - 5).
-21
-2 + (-2 + 8 + -7 - 4)
-7
What is the value of -2 + -5 - (1 - -1)?
-9
What is the value of 8 - ((9 - (9 - 0)) + 3 + 7)?
-2
Calculate (-2 - -7) + 3 + 1 + 2.
11
What is (-1 - 0) + -5 + (-8 - (-1 - 7))?
-6
Evaluate (17 - (2 + 7)) + -2.
6
What is the value of (-9 - (3 + -1)) + (55 - (49 - 20))?
15
What is the value of 73 + -42 + (-49 - 7)?
-25
What is the value of -3 - (11 + -3) - -15?
4
12 + (-29 - 8) + 6
-19
Calculate -14 - (-5 + 9 - -7 - 6).
-19
(-5 - 0) + -10 - -19 - 6
-2
Calculate (13 - -10) + 7 + -16.
14
What is the value of (0 - (18 + 12 + 10 + -15)) + 1?
-24
Calculate (-113 - -95) + (3 - 0).
-15
What is -27 + -2 + 13 - (1 + -6)?
-11
What is the value of -26 + 36 + -12 + 11?
9
What is the value of (-5 - 3) + (-34 - 0 - -18)?
-24
32 - (-6 + 2 + -2 + 11) - 0
27
What is the value of 10 + (19 - 21) + 4 + 1?
13
(20 - (-2 - -7)) + -1
14
What is -6 + (24 - 15) + 21?
24
Calculate -3 + (50 - 56 - (-2 - (-2 - -19))).
10
What is (-13 - 7) + 12 - -4?
-4
Evaluate 10 + (-4 - (15 + 0)).
-9
Calculate (-927 - -950) + -11 + -2.
10
What is the value of (-10 - 0) + (-7 + 9 - (1 + -1))?
-8
Calculate 0 - 1 - (78 + -78) - 12.
-13
6 + (-19 - -13 - 6)
-6
Evaluate (22 - (9 + 3)) + (-2 - -3) + -2.
9
-37 + 5 + 7 - (-20 - -18)
-23
What is the value of 435 + -450 + 22 + 2?
9
What is the value of 18 + -7 + 14 + -8 + -7?
10
What is -11 + (33 - 21) + (-1 - -12)?
12
(3 - (-1 - -1)) + (27 - 29) + -5
-4
-205 + 90 - -108 - (-2 + -39 + 1)
33
Evaluate 9 + (9 - (-12 + 8) - 7).
15
-100 - 